{"id":489,"date":"2022-12-23T09:16:35","date_gmt":"2022-12-23T07:16:35","guid":{"rendered":"https:\/\/hevosjalostusliitot.fi\/varsinaissuomi\/?page_id=489"},"modified":"2023-07-31T15:03:28","modified_gmt":"2023-07-31T12:03:28","slug":"tarinoita-alueemme-hevos-ja-ponikasvattajista","status":"publish","type":"page","link":"https:\/\/hevosjalostusliitot.fi\/varsinaissuomi\/tarinoita-alueemme-hevos-ja-ponikasvattajista\/","title":{"rendered":"Tarinoita alueemme hevos- ja ponikasvattajista"},"content":{"rendered":"\n<p>Varsinais-Suomen Hevosjalostusliitto ry:n toiminta-alueella on tavoitteellista ja monipuolista hevos- ja ponikasvatusta. T\u00e4m\u00e4n Leena Kahisaaren kirjoittaman ja kuvittaman juttusarjan avulla haluamme nostaa esiin sit\u00e4 hienoa ty\u00f6t\u00e4, jota maakunnassa tehd\u00e4\u00e4n, ja niit\u00e4 hienoja tarinoita, mit\u00e4 toiminnasta syntyy.<\/p>\n\n\n\n<figure class=\"wp-block-image size-large\"><img loading=\"lazy\" decoding=\"async\" width=\"1024\" height=\"683\" src=\"https:\/\/hevosjalostusliitot.fi\/varsinaissuomi\/wp-content\/uploads\/sites\/4\/2022\/12\/IMG_9253-Didi-Hoss-Yahuu-Hoss-In-Royalty-Boko-El-Guarantee-Yalumba-Hoss-1-1024x683.jpg\" alt=\"\" class=\"wp-image-500\" srcset=\"https:\/\/hevosjalostusliitot.fi\/varsinaissuomi\/wp-content\/uploads\/sites\/4\/2022\/12\/IMG_9253-Didi-Hoss-Yahuu-Hoss-In-Royalty-Boko-El-Guarantee-Yalumba-Hoss-1-1024x683.jpg 1024w, https:\/\/hevosjalostusliitot.fi\/varsinaissuomi\/wp-content\/uploads\/sites\/4\/2022\/12\/IMG_9253-Didi-Hoss-Yahuu-Hoss-In-Royalty-Boko-El-Guarantee-Yalumba-Hoss-1-300x200.jpg 300w, https:\/\/hevosjalostusliitot.fi\/varsinaissuomi\/wp-content\/uploads\/sites\/4\/2022\/12\/IMG_9253-Didi-Hoss-Yahuu-Hoss-In-Royalty-Boko-El-Guarantee-Yalumba-Hoss-1-768x512.jpg 768w, https:\/\/hevosjalostusliitot.fi\/varsinaissuomi\/wp-content\/uploads\/sites\/4\/2022\/12\/IMG_9253-Didi-Hoss-Yahuu-Hoss-In-Royalty-Boko-El-Guarantee-Yalumba-Hoss-1-1536x1024.jpg 1536w, https:\/\/hevosjalostusliitot.fi\/varsinaissuomi\/wp-content\/uploads\/sites\/4\/2022\/12\/IMG_9253-Didi-Hoss-Yahuu-Hoss-In-Royalty-Boko-El-Guarantee-Yalumba-Hoss-1-2048x1366.jpg 2048w, https:\/\/hevosjalostusliitot.fi\/varsinaissuomi\/wp-content\/uploads\/sites\/4\/2022\/12\/IMG_9253-Didi-Hoss-Yahuu-Hoss-In-Royalty-Boko-El-Guarantee-Yalumba-Hoss-1-360x240.jpg 360w\" sizes=\"auto, (max-width: 1024px) 100vw, 1024px\" \/><figcaption><em>Kuva: Leena Kahisaari<\/em><\/figcaption><\/figure>\n\n\n\n<p><a href=\"https:\/\/hevosjalostusliitot.fi\/varsinaissuomi\/tarinoita-alueemme-hevos-ja-ponikasvattajista-osa-1\/\" data-type=\"URL\" data-id=\"https:\/\/hevosjalostusliitot.fi\/varsinaissuomi\/tarinoita-alueemme-hevos-ja-ponikasvattajista-osa-1\/\">Osa 1: Hanna Askl\u00f6f ja Ohana connemaraponit<\/a><\/p>\n\n\n\n<p><a href=\"https:\/\/hevosjalostusliitot.fi\/varsinaissuomi\/tarinoita-alueemme-hevos-ja-ponikasvattajista-osa-2\/\" data-type=\"URL\" data-id=\"https:\/\/hevosjalostusliitot.fi\/varsinaissuomi\/tarinoita-alueemme-hevos-ja-ponikasvattajista-osa-2\/\">Osa 2: Irina Kokon tallissa kasvaa niin suomenhevosia kuin puoliverisi\u00e4kin<\/a><\/p>\n\n\n\n<p><a href=\"https:\/\/hevosjalostusliitot.fi\/varsinaissuomi\/tarinoita-alueemme-hevos-ja-ponikasvattajista-osa-3\/\">Osa 3: Varjotallilla on monipuolisia suomenhevosia<\/a><\/p>\n\n\n\n<p>Osa 4: <a href=\"https:\/\/hevosjalostusliitot.fi\/varsinaissuomi\/tarinoita-alueemme-hevos-ja-ponikasvattajista-osa-4\/\">Kallelassa kasvavat omat ja vieraat varsat<\/a><\/p>\n\n\n\n<p>Osa 5: <a href=\"https:\/\/hevosjalostusliitot.fi\/varsinaissuomi\/tarinoita-alueemme-hevos-ja-ponikasvattajista-osa-5\/\" data-type=\"URL\" data-id=\"https:\/\/hevosjalostusliitot.fi\/varsinaissuomi\/tarinoita-alueemme-hevos-ja-ponikasvattajista-osa-5\/\">Kyl\u00e4m\u00e4en suomenhevoset ovat monipuolisia harrastehevosia<\/a><\/p>\n\n\n\n<p>Osa 6:<a href=\"https:\/\/hevosjalostusliitot.fi\/varsinaissuomi\/tarinoita-alueemme-hevos-ja-ponikasvattajista-osa-6-intohimona-erisukuisten-suomenhevosten-kasvatus\/\"> Intohimona erisukuisten suomenhevosten kasvatus &#8211; Piia ja Petri Vuori<\/a><\/p>\n\n\n\n<p>Osa 7: <a href=\"https:\/\/hevosjalostusliitot.fi\/varsinaissuomi\/tarinoita-alueemme-hevos-ja-ponikasvattajista-osa-7-heli-ja-matti-sateri-kasvattavat-suomenhevosia\/\">Heli ja Matti S\u00e4teri kasvattavat suomenhevosia<\/a><\/p>\n\n\n\n<p>Osa 8: <a href=\"https:\/\/hevosjalostusliitot.fi\/varsinaissuomi\/tarinoita-alueen-hevos-ja-ponikasvattajista-osa-8-shetlanninponeja-ja-ravureita-paattisilta\/\">Shetlanninponeja ja ravureita Paattisilta<\/a><\/p>\n\n\n\n<p>Osa 9:  <a href=\"https:\/\/hevosjalostusliitot.fi\/varsinaissuomi\/crownhill-minishetlanninponit-tulevat-lemusta\/\" data-type=\"URL\" data-id=\"https:\/\/hevosjalostusliitot.fi\/varsinaissuomi\/crownhill-minishetlanninponit-tulevat-lemusta\/\">Crownhill -minishetlanninponit tulevat Lemusta<\/a><\/p>\n\n\n\n<p>Osa 10: <a href=\"https:\/\/hevosjalostusliitot.fi\/varsinaissuomi\/heli-rainion-kotipihalta-loytyy-ratsuja-ja-ravureita\/\">Heli Rainion kotipihalta l\u00f6ytyy ratsuja ja ravureita<\/a><\/p>\n\n\n\n<p>Osa 11: <a href=\"https:\/\/hevosjalostusliitot.fi\/varsinaissuomi\/tarinoita-alueemme-hevos-ja-ponikasvattajista-osa-11-hoss-hevoset-kasvavat-varsinais-suomalaisessa-maalaismaisemassa\/\">Hoss -hevoset kasvavat varsinais-suomalaisessa maalaismaisemassa<\/a><\/p>\n\n\n\n<p>Osa 12: <a href=\"https:\/\/hevosjalostusliitot.fi\/varsinaissuomi\/tarinoita-alueemme-hevos-ja-ponikasvatuksesta-osa-12-ordenojalla-tehdaan-menestyjia\/\">Ordenojalla tehd\u00e4\u00e4n menestyji\u00e4<\/a><\/p>\n\n\n\n<p>Osa 13: <a href=\"https:\/\/hevosjalostusliitot.fi\/varsinaissuomi\/tarinoita-alueemme-hevos-ja-ponikasvattajista-osa-13-mervi-ekman-kasvattaa-suomenhevosratsuja\/\" data-type=\"URL\" data-id=\"https:\/\/hevosjalostusliitot.fi\/varsinaissuomi\/tarinoita-alueemme-hevos-ja-ponikasvattajista-osa-13-mervi-ekman-kasvattaa-suomenhevosratsuja\/\">Mervi Ekman kasvattaa suomenhevosratsuja<\/a><\/p>\n\n\n\n<p>Osa 14: <a href=\"https:\/\/hevosjalostusliitot.fi\/varsinaissuomi\/taru-pentikainen-on-pitkan-linjan-harrastaja\/\" data-type=\"URL\" data-id=\"https:\/\/hevosjalostusliitot.fi\/varsinaissuomi\/taru-pentikainen-on-pitkan-linjan-harrastaja\/\">Taru Pentik\u00e4inen on pitk\u00e4n linjan harrastaja<\/a><\/p>\n\n\n\n<figure class=\"wp-block-image size-large\"><img loading=\"lazy\" decoding=\"async\" width=\"1024\" height=\"683\" src=\"https:\/\/hevosjalostusliitot.fi\/varsinaissuomi\/wp-content\/uploads\/sites\/4\/2022\/12\/IMG_4328_valtteri-valloitus-1024x683.jpg\" alt=\"\" class=\"wp-image-501\" srcset=\"https:\/\/hevosjalostusliitot.fi\/varsinaissuomi\/wp-content\/uploads\/sites\/4\/2022\/12\/IMG_4328_valtteri-valloitus-1024x683.jpg 1024w, https:\/\/hevosjalostusliitot.fi\/varsinaissuomi\/wp-content\/uploads\/sites\/4\/2022\/12\/IMG_4328_valtteri-valloitus-300x200.jpg 300w, https:\/\/hevosjalostusliitot.fi\/varsinaissuomi\/wp-content\/uploads\/sites\/4\/2022\/12\/IMG_4328_valtteri-valloitus-768x512.jpg 768w, https:\/\/hevosjalostusliitot.fi\/varsinaissuomi\/wp-content\/uploads\/sites\/4\/2022\/12\/IMG_4328_valtteri-valloitus-1536x1024.jpg 1536w, https:\/\/hevosjalostusliitot.fi\/varsinaissuomi\/wp-content\/uploads\/sites\/4\/2022\/12\/IMG_4328_valtteri-valloitus-2048x1366.jpg 2048w, https:\/\/hevosjalostusliitot.fi\/varsinaissuomi\/wp-content\/uploads\/sites\/4\/2022\/12\/IMG_4328_valtteri-valloitus-360x240.jpg 360w\" sizes=\"auto, (max-width: 1024px) 100vw, 1024px\" \/><figcaption><em>Kuva: Leena Kahisaari<\/em><\/figcaption><\/figure>\n","protected":false},"excerpt":{"rendered":"<p>Varsinais-Suomen Hevosjalostusliitto ry:n toiminta-alueella on tavoitteellista ja monipuolista hevos- ja ponikasvatusta. T\u00e4m\u00e4n Leena Kahisaaren kirjoittaman ja kuvittaman juttusarjan avulla haluamme nostaa esiin sit\u00e4 hienoa ty\u00f6t\u00e4, jota maakunnassa tehd\u00e4\u00e4n, ja niit\u00e4 hienoja tarinoita, mit\u00e4 toiminnasta syntyy. Osa 1: Hanna Askl\u00f6f ja Ohana connemaraponit Osa 2: Irina Kokon tallissa kasvaa niin suomenhevosia [&hellip;]<\/p>\n","protected":false},"author":27,"featured_media":0,"parent":0,"menu_order":0,"comment_status":"closed","ping_status":"closed","template":"","meta":{"_EventAllDay":false,"_EventTimezone":"","_EventStartDate":"","_EventEndDate":"","_EventStartDateUTC":"","_EventEndDateUTC":"","_EventShowMap":false,"_EventShowMapLink":false,"_EventURL":"","_EventCost":"","_EventCostDescription":"","_EventCurrencySymbol":"","_EventCurrencyPosition":"","_EventDateTimeSeparator":"","_EventTimeRangeSeparator":"","_EventOrganizerID":[],"_EventVenueID":0,"_OrganizerEmail":"","_OrganizerPhone":"","_OrganizerWebsite":"","_VenueAddress":"","_VenueCity":"","_VenueCountry":"","_VenueProvince":"","_VenueZip":"","_VenuePhone":"","_VenueURL":"","_VenueStateProvince":"","_VenueLat":"","_VenueLng":"","footnotes":""},"class_list":["post-489","page","type-page","status-publish","hentry"],"_links":{"self":[{"href":"https:\/\/hevosjalostusliitot.fi\/varsinaissuomi\/wp-json\/wp\/v2\/pages\/489","targetHints":{"allow":["GET"]}}],"collection":[{"href":"https:\/\/hevosjalostusliitot.fi\/varsinaissuomi\/wp-json\/wp\/v2\/pages"}],"about":[{"href":"https:\/\/hevosjalostusliitot.fi\/varsinaissuomi\/wp-json\/wp\/v2\/types\/page"}],"author":[{"embeddable":true,"href":"https:\/\/hevosjalostusliitot.fi\/varsinaissuomi\/wp-json\/wp\/v2\/users\/27"}],"replies":[{"embeddable":true,"href":"https:\/\/hevosjalostusliitot.fi\/varsinaissuomi\/wp-json\/wp\/v2\/comments?post=489"}],"version-history":[{"count":9,"href":"https:\/\/hevosjalostusliitot.fi\/varsinaissuomi\/wp-json\/wp\/v2\/pages\/489\/revisions"}],"predecessor-version":[{"id":668,"href":"https:\/\/hevosjalostusliitot.fi\/varsinaissuomi\/wp-json\/wp\/v2\/pages\/489\/revisions\/668"}],"wp:attachment":[{"href":"https:\/\/hevosjalostusliitot.fi\/varsinaissuomi\/wp-json\/wp\/v2\/media?parent=489"}],"curies":[{"name":"wp","href":"https:\/\/api.w.org\/{rel}","templated":true}]}}