{"id":104,"date":"2020-08-06T14:01:51","date_gmt":"2020-08-06T11:01:51","guid":{"rendered":"https:\/\/hevosjalostusliitot.fi\/pohjoissavo\/?page_id=104"},"modified":"2025-05-05T16:08:53","modified_gmt":"2025-05-05T13:08:53","slug":"johtokunta-ja-jasenseurat","status":"publish","type":"page","link":"https:\/\/hevosjalostusliitot.fi\/pohjoissavo\/johtokunta-ja-jasenseurat\/","title":{"rendered":"Johtokunta ja j\u00e4senseurat"},"content":{"rendered":"\n<p>Pohjois-Savon Hevosjalostusliiton johtokunta:<br><br>Heikki Kinnunen, puheenjohtaja<br>Tuomas Pakkanen, varapuheenjohtaja<br>Sami Koponen<br>Mika Lappalainen<br>Veli Turunen<br>Mikko V\u00e4is\u00e4nen<br>Minna Konttinen<br>Olli-Pekka H\u00e4m\u00e4l\u00e4inen<br>Tapani Korhonen<\/p>\n\n\n\n<p>Liiton j\u00e4senseurat:<\/p>\n\n\n\n<p><a href=\"https:\/\/fi-fi.facebook.com\/IisalmenHevosystavainseura\">Iisalmen Hevosyst\u00e4v\u00e4inseura<\/a><br><a href=\"https:\/\/www.facebook.com\/Joroisten-Hevosyst%C3%A4v%C3%A4inseura-ry-478396882320757\/\" data-type=\"URL\" data-id=\"https:\/\/www.facebook.com\/Joroisten-Hevosyst%C3%A4v%C3%A4inseura-ry-478396882320757\/\">Joroisten Hevosyst\u00e4v\u00e4inseura<\/a><br><a href=\"https:\/\/www.facebook.com\/Juankoskenhevosseura\">Juankosken Hevosseura<\/a><br><a href=\"https:\/\/fi-fi.facebook.com\/pages\/category\/Nonprofit-Organization\/Kaavin-Hevosyst%C3%A4v%C3%A4inseura-ry-249828911714230\/\">Kaavin Hevosyst\u00e4v\u00e4inseura<\/a><br><a href=\"https:\/\/fi-fi.facebook.com\/Keiteleenhys\">Keiteleen Hevosyst\u00e4v\u00e4inseura<\/a><br><a href=\"https:\/\/www.facebook.com\/KiuruvedenHevosystavainseura\/info\">Kiuruveden Hevosyst\u00e4v\u00e4inseura<\/a><br><a href=\"https:\/\/fi-fi.facebook.com\/lapinlahdenhevosseura\">Lapinlahden Hevosseura<\/a><br><a href=\"https:\/\/www.facebook.com\/leppavirranhys\">Lepp\u00e4virran Hevosyst\u00e4v\u00e4inseura<\/a><br>Maaningan Hevosseura<br><a href=\"https:\/\/fi-fi.facebook.com\/nilsianhys\">Nilsi\u00e4n Hevosyst\u00e4v\u00e4inseura<\/a><br><a href=\"http:\/\/www.pshry.fi\/\">Pohjois-Savon Hevosenomistajat ry<\/a>.<br><a href=\"http:\/\/psravinaiset.wordpress.com\/\">Pohjois-Savon Ravinaiset ry.<\/a><br><a href=\"https:\/\/www.facebook.com\/rautalamminhys\/\">Rautalammin Hevosyst\u00e4v\u00e4inseura<\/a><br><a href=\"https:\/\/www.facebook.com\/watch\/RiistavedenHYS\/\">Riistaveden Hevosyst\u00e4v\u00e4inseura<\/a><br>Savon Hippos ry.<br><a href=\"https:\/\/siilinjarvenhys-com.webnode.fi\/\">Siilinj\u00e4rven Hevosyst\u00e4v\u00e4inseura<\/a><br><a href=\"https:\/\/www.facebook.com\/suonenjoenravirata\/\">Suonenjoen Hevosyst\u00e4v\u00e4inseura<\/a><br><a href=\"https:\/\/fi-fi.facebook.com\/pages\/Tuusniemen-hevosyst\u00e4v\u00e4inseura-ry\/144899722242479\">Tuusniemen Hevosyst\u00e4v\u00e4inseura<\/a><br><a href=\"https:\/\/www.facebook.com\/varkaudenseudunhys\/\" data-type=\"URL\" data-id=\"https:\/\/www.facebook.com\/varkaudenseudunhys\/\">Varkauden seudun Hevosyst\u00e4v\u00e4inseura<\/a><br><a href=\"https:\/\/fi-fi.facebook.com\/pages\/category\/Community\/Varpaisj%C3%A4rven-Hevosyst%C3%A4v%C3%A4t-Ry-1442795735997154\/\">Varpaisj\u00e4rven Hevosyst\u00e4v\u00e4t<\/a><br><a href=\"https:\/\/www.facebook.com\/pages\/Vehmersalmen-Hevosseura\/195508960533658?fref=nf\">Vehmersalmen Hevosseura<\/a><br><a href=\"http:\/\/vesannonhys.suntuubi.com\/\">Vesannon Hevosyst\u00e4v\u00e4inseura<\/a><br><a href=\"http:\/\/www.vieremanoriyhdistys.com\/\">Vierem\u00e4n Oriyhdistys<\/a><br><a href=\"https:\/\/www.vieremanravirata.fi\/\">Yl\u00e4-Savon Hippos<\/a><br><a href=\"https:\/\/ita-suomi.proagria.fi\/etusivu\">ProAgria It\u00e4-Suomi<\/a><\/p>\n\n\n\n<p><\/p>\n","protected":false},"excerpt":{"rendered":"<p>Pohjois-Savon Hevosjalostusliiton johtokunta: Heikki Kinnunen, puheenjohtajaTuomas Pakkanen, varapuheenjohtajaSami KoponenMika LappalainenVeli TurunenMikko V\u00e4is\u00e4nenMinna KonttinenOlli-Pekka H\u00e4m\u00e4l\u00e4inenTapani Korhonen Liiton j\u00e4senseurat: Iisalmen Hevosyst\u00e4v\u00e4inseuraJoroisten Hevosyst\u00e4v\u00e4inseuraJuankosken HevosseuraKaavin Hevosyst\u00e4v\u00e4inseuraKeiteleen Hevosyst\u00e4v\u00e4inseuraKiuruveden Hevosyst\u00e4v\u00e4inseuraLapinlahden HevosseuraLepp\u00e4virran Hevosyst\u00e4v\u00e4inseuraMaaningan HevosseuraNilsi\u00e4n Hevosyst\u00e4v\u00e4inseuraPohjois-Savon Hevosenomistajat ry.Pohjois-Savon Ravinaiset ry.Rautalammin Hevosyst\u00e4v\u00e4inseuraRiistaveden Hevosyst\u00e4v\u00e4inseuraSavon Hippos ry.Siilinj\u00e4rven Hevosyst\u00e4v\u00e4inseuraSuonenjoen Hevosyst\u00e4v\u00e4inseuraTuusniemen Hevosyst\u00e4v\u00e4inseuraVarkauden seudun Hevosyst\u00e4v\u00e4inseuraVarpaisj\u00e4rven Hevosyst\u00e4v\u00e4tVehmersalmen HevosseuraVesannon Hevosyst\u00e4v\u00e4inseuraVierem\u00e4n OriyhdistysYl\u00e4-Savon HipposProAgria It\u00e4-Suomi<\/p>\n","protected":false},"author":21,"featured_media":0,"parent":0,"menu_order":0,"comment_status":"closed","ping_status":"closed","template":"","meta":{"_EventAllDay":false,"_EventTimezone":"","_EventStartDate":"","_EventEndDate":"","_EventStartDateUTC":"","_EventEndDateUTC":"","_EventShowMap":false,"_EventShowMapLink":false,"_EventURL":"","_EventCost":"","_EventCostDescription":"","_EventCurrencySymbol":"","_EventCurrencyPosition":"","_EventDateTimeSeparator":"","_EventTimeRangeSeparator":"","_EventOrganizerID":[],"_EventVenueID":0,"_OrganizerEmail":"","_OrganizerPhone":"","_OrganizerWebsite":"","_VenueAddress":"","_VenueCity":"","_VenueCountry":"","_VenueProvince":"","_VenueZip":"","_VenuePhone":"","_VenueURL":"","_VenueStateProvince":"","_VenueLat":"","_VenueLng":"","footnotes":""},"class_list":["post-104","page","type-page","status-publish","hentry"],"_links":{"self":[{"href":"https:\/\/hevosjalostusliitot.fi\/pohjoissavo\/wp-json\/wp\/v2\/pages\/104","targetHints":{"allow":["GET"]}}],"collection":[{"href":"https:\/\/hevosjalostusliitot.fi\/pohjoissavo\/wp-json\/wp\/v2\/pages"}],"about":[{"href":"https:\/\/hevosjalostusliitot.fi\/pohjoissavo\/wp-json\/wp\/v2\/types\/page"}],"author":[{"embeddable":true,"href":"https:\/\/hevosjalostusliitot.fi\/pohjoissavo\/wp-json\/wp\/v2\/users\/21"}],"replies":[{"embeddable":true,"href":"https:\/\/hevosjalostusliitot.fi\/pohjoissavo\/wp-json\/wp\/v2\/comments?post=104"}],"version-history":[{"count":12,"href":"https:\/\/hevosjalostusliitot.fi\/pohjoissavo\/wp-json\/wp\/v2\/pages\/104\/revisions"}],"predecessor-version":[{"id":349,"href":"https:\/\/hevosjalostusliitot.fi\/pohjoissavo\/wp-json\/wp\/v2\/pages\/104\/revisions\/349"}],"wp:attachment":[{"href":"https:\/\/hevosjalostusliitot.fi\/pohjoissavo\/wp-json\/wp\/v2\/media?parent=104"}],"curies":[{"name":"wp","href":"https:\/\/api.w.org\/{rel}","templated":true}]}}