{"id":51,"date":"2021-03-16T13:24:51","date_gmt":"2021-03-16T11:24:51","guid":{"rendered":"https:\/\/hevosjalostusliitot.fi\/lappi\/?page_id=51"},"modified":"2025-05-03T18:48:58","modified_gmt":"2025-05-03T15:48:58","slug":"kesalaidun","status":"publish","type":"page","link":"https:\/\/hevosjalostusliitot.fi\/lappi\/kesalaidun\/","title":{"rendered":"Kes\u00e4laidun"},"content":{"rendered":"\n<p>Lapin Hevosjalostusliitolla on jokakes\u00e4inen hevoslaidun Kemij\u00e4rvell\u00e4 sijaitsevalla Javarussaarella, joka on n. 112h kokoinen. Laitumelle otetaan 6-10 hevosta\/varsaa kes\u00e4n ajaksi. Vienti yleens\u00e4 juhannuksen tienoilla ja haku pois syyskuun puolella. Laitumen hinta ja otettavien varsojen ik\u00e4 tarkistetaan ja vahvistetaan vuosittain.&nbsp;<\/p>\n\n\n\n<p>Javarussaaren orivarsalaidun on ollut k\u00e4yt\u00f6ss\u00e4 jo vuodesta -76 , jossa hoidetaan ja yll\u00e4pidet\u00e4\u00e4n laidunnuksella saaren perinnebiotooppia.<\/p>\n\n\n\n<p>Kes\u00e4n 2025 laidun on t\u00e4ynn\u00e4<\/p>\n\n\n\n<p>Laitumelle vienti  omalla vastuulla. <\/p>\n\n\n\n<p>Sitovat ilmottautumiset  s\u00e4hk\u00f6postitse lapinhjlry@gmail.com tai puhelimitse +358 40 159 6049\/ Annu Tams<\/p>\n\n\n\n<p><\/p>\n","protected":false},"excerpt":{"rendered":"<p>Lapin Hevosjalostusliitolla on jokakes\u00e4inen hevoslaidun Kemij\u00e4rvell\u00e4 sijaitsevalla Javarussaarella, joka on n. 112h kokoinen. Laitumelle otetaan 6-10 hevosta\/varsaa kes\u00e4n ajaksi. Vienti yleens\u00e4 juhannuksen tienoilla ja haku pois syyskuun puolella. Laitumen hinta ja otettavien varsojen ik\u00e4 tarkistetaan ja vahvistetaan vuosittain.&nbsp; Javarussaaren orivarsalaidun on ollut k\u00e4yt\u00f6ss\u00e4 jo vuodesta -76 , jossa hoidetaan ja [&hellip;]<\/p>\n","protected":false},"author":13,"featured_media":0,"parent":0,"menu_order":0,"comment_status":"closed","ping_status":"closed","template":"","meta":{"_EventAllDay":false,"_EventTimezone":"","_EventStartDate":"","_EventEndDate":"","_EventStartDateUTC":"","_EventEndDateUTC":"","_EventShowMap":false,"_EventShowMapLink":false,"_EventURL":"","_EventCost":"","_EventCostDescription":"","_EventCurrencySymbol":"","_EventCurrencyPosition":"","_EventDateTimeSeparator":"","_EventTimeRangeSeparator":"","_EventOrganizerID":[],"_EventVenueID":0,"_OrganizerEmail":"","_OrganizerPhone":"","_OrganizerWebsite":"","_VenueAddress":"","_VenueCity":"","_VenueCountry":"","_VenueProvince":"","_VenueZip":"","_VenuePhone":"","_VenueURL":"","_VenueStateProvince":"","_VenueLat":"","_VenueLng":"","footnotes":""},"class_list":["post-51","page","type-page","status-publish","hentry"],"_links":{"self":[{"href":"https:\/\/hevosjalostusliitot.fi\/lappi\/wp-json\/wp\/v2\/pages\/51","targetHints":{"allow":["GET"]}}],"collection":[{"href":"https:\/\/hevosjalostusliitot.fi\/lappi\/wp-json\/wp\/v2\/pages"}],"about":[{"href":"https:\/\/hevosjalostusliitot.fi\/lappi\/wp-json\/wp\/v2\/types\/page"}],"author":[{"embeddable":true,"href":"https:\/\/hevosjalostusliitot.fi\/lappi\/wp-json\/wp\/v2\/users\/13"}],"replies":[{"embeddable":true,"href":"https:\/\/hevosjalostusliitot.fi\/lappi\/wp-json\/wp\/v2\/comments?post=51"}],"version-history":[{"count":7,"href":"https:\/\/hevosjalostusliitot.fi\/lappi\/wp-json\/wp\/v2\/pages\/51\/revisions"}],"predecessor-version":[{"id":153,"href":"https:\/\/hevosjalostusliitot.fi\/lappi\/wp-json\/wp\/v2\/pages\/51\/revisions\/153"}],"wp:attachment":[{"href":"https:\/\/hevosjalostusliitot.fi\/lappi\/wp-json\/wp\/v2\/media?parent=51"}],"curies":[{"name":"wp","href":"https:\/\/api.w.org\/{rel}","templated":true}]}}