{"id":43,"date":"2021-03-16T13:11:18","date_gmt":"2021-03-16T11:11:18","guid":{"rendered":"https:\/\/hevosjalostusliitot.fi\/lappi\/?page_id=43"},"modified":"2021-03-16T13:11:19","modified_gmt":"2021-03-16T11:11:19","slug":"tunnistus-ponimittaus","status":"publish","type":"page","link":"https:\/\/hevosjalostusliitot.fi\/lappi\/tunnistus-ponimittaus\/","title":{"rendered":"Tunnistus &amp; ponimittaus"},"content":{"rendered":"\n<p>Tunnistukset ja rekister\u00f6innit Hippoksen ja Ruokaviraston ohjeiden mukaan koko Lapin alueella.&nbsp; Otathan yhteytt\u00e4 jo ennen kuin tuot hevosta maahan niin pystymme palvelemaan mahdollisimman nopeasti tunnistusten ja rekister\u00f6innin osalta.&nbsp; Varsojen tunnistamiset syntym\u00e4vuotta seuraavan vuoden&nbsp; maaliskuun loppuun menness\u00e4.&nbsp;<\/p>\n\n\n\n<p>Tunnistuksen ja rekister\u00f6innin hinnasto Hippoksen sivuilta: <a href=\"https:\/\/www.hippos.fi\/suomen_hippos_ry\/suomen_hippos_ry\/palveluhinnasto\/rekisterointi\">https:\/\/www.hippos.fi\/suomen_hippos_ry\/suomen_hippos_ry\/palveluhinnasto\/rekisterointi<\/a><\/p>\n\n\n\n<p>Viralliset ponimittaukset ratsu- ja raviponeille&nbsp;<\/p>\n\n\n\n<p>Hinnat:<\/p>\n\n\n\n<p>Mittaus kotitallilla 50\u20ac\/poni + matkakulut<\/p>\n\n\n\n<p>Mittaus M\u00e4ntyvaaran raviradan varikkoalueella 30\u20ac\/poni<\/p>\n","protected":false},"excerpt":{"rendered":"<p>Tunnistukset ja rekister\u00f6innit Hippoksen ja Ruokaviraston ohjeiden mukaan koko Lapin alueella.&nbsp; Otathan yhteytt\u00e4 jo ennen kuin tuot hevosta maahan niin pystymme palvelemaan mahdollisimman nopeasti tunnistusten ja rekister\u00f6innin osalta.&nbsp; Varsojen tunnistamiset syntym\u00e4vuotta seuraavan vuoden&nbsp; maaliskuun loppuun menness\u00e4.&nbsp; Tunnistuksen ja rekister\u00f6innin hinnasto Hippoksen sivuilta: https:\/\/www.hippos.fi\/suomen_hippos_ry\/suomen_hippos_ry\/palveluhinnasto\/rekisterointi Viralliset ponimittaukset ratsu- ja raviponeille&nbsp; Hinnat: Mittaus [&hellip;]<\/p>\n","protected":false},"author":13,"featured_media":0,"parent":0,"menu_order":0,"comment_status":"closed","ping_status":"closed","template":"","meta":{"_EventAllDay":false,"_EventTimezone":"","_EventStartDate":"","_EventEndDate":"","_EventStartDateUTC":"","_EventEndDateUTC":"","_EventShowMap":false,"_EventShowMapLink":false,"_EventURL":"","_EventCost":"","_EventCostDescription":"","_EventCurrencySymbol":"","_EventCurrencyPosition":"","_EventDateTimeSeparator":"","_EventTimeRangeSeparator":"","_EventOrganizerID":[],"_EventVenueID":0,"_OrganizerEmail":"","_OrganizerPhone":"","_OrganizerWebsite":"","_VenueAddress":"","_VenueCity":"","_VenueCountry":"","_VenueProvince":"","_VenueZip":"","_VenuePhone":"","_VenueURL":"","_VenueStateProvince":"","_VenueLat":"","_VenueLng":"","footnotes":""},"class_list":["post-43","page","type-page","status-publish","hentry"],"_links":{"self":[{"href":"https:\/\/hevosjalostusliitot.fi\/lappi\/wp-json\/wp\/v2\/pages\/43","targetHints":{"allow":["GET"]}}],"collection":[{"href":"https:\/\/hevosjalostusliitot.fi\/lappi\/wp-json\/wp\/v2\/pages"}],"about":[{"href":"https:\/\/hevosjalostusliitot.fi\/lappi\/wp-json\/wp\/v2\/types\/page"}],"author":[{"embeddable":true,"href":"https:\/\/hevosjalostusliitot.fi\/lappi\/wp-json\/wp\/v2\/users\/13"}],"replies":[{"embeddable":true,"href":"https:\/\/hevosjalostusliitot.fi\/lappi\/wp-json\/wp\/v2\/comments?post=43"}],"version-history":[{"count":1,"href":"https:\/\/hevosjalostusliitot.fi\/lappi\/wp-json\/wp\/v2\/pages\/43\/revisions"}],"predecessor-version":[{"id":44,"href":"https:\/\/hevosjalostusliitot.fi\/lappi\/wp-json\/wp\/v2\/pages\/43\/revisions\/44"}],"wp:attachment":[{"href":"https:\/\/hevosjalostusliitot.fi\/lappi\/wp-json\/wp\/v2\/media?parent=43"}],"curies":[{"name":"wp","href":"https:\/\/api.w.org\/{rel}","templated":true}]}}