{"id":153,"date":"2021-02-02T11:56:25","date_gmt":"2021-02-02T09:56:25","guid":{"rendered":"https:\/\/hevosjalostusliitot.fi\/kymikarjala\/?page_id=153"},"modified":"2026-04-29T14:46:31","modified_gmt":"2026-04-29T11:46:31","slug":"johtokunta-2021","status":"publish","type":"page","link":"https:\/\/hevosjalostusliitot.fi\/kymikarjala\/johtokunta-2021\/","title":{"rendered":"JOHTOKUNTA 2026"},"content":{"rendered":"\n<p>Puheenjohtaja, Kari Mustonen, Mets\u00e4kyl\u00e4ntie 22, 45810 Pilkanmaa<\/p>\n\n\n\n<p>Mirva Kinnunen, Suurenniityntie 206, 47150 Raussila<\/p>\n\n\n\n<p>Saila V\u00e4rri, Merenlahdentie 750, 53850 Lappeenranta<\/p>\n\n\n\n<p>Outi Ruottinen, Kalliorannantie 20, 52830 Suomenniemi<\/p>\n\n\n\n<p>Juha Jokiranta, Kalalammintie 16, 46230 Valkeala<\/p>\n\n\n\n<p>Ulla Kujanp\u00e4\u00e4, Kinnarsalmentie 3 B, 59410 Kirjavala<\/p>\n\n\n\n<p>Osmo Mets\u00e4l\u00e4, Haajasenkatu 3, 53420 Lappeenranta<\/p>\n\n\n\n<p>Soile Pakkanen, Kivisaarentie 188, 47110 L\u00f6ytty<\/p>\n\n\n\n<p>Helena Taipale, Korpisaarentie 80, 54330 Simola<\/p>\n\n\n\n<p>Minna Vainikka, Karjakuja 85, 49570 Kannusj\u00e4rvi<\/p>\n","protected":false},"excerpt":{"rendered":"<p>Puheenjohtaja, Kari Mustonen, Mets\u00e4kyl\u00e4ntie 22, 45810 Pilkanmaa Mirva Kinnunen, Suurenniityntie 206, 47150 Raussila Saila V\u00e4rri, Merenlahdentie 750, 53850 Lappeenranta Outi Ruottinen, Kalliorannantie 20, 52830 Suomenniemi Juha Jokiranta, Kalalammintie 16, 46230 Valkeala Ulla Kujanp\u00e4\u00e4, Kinnarsalmentie 3 B, 59410 Kirjavala Osmo Mets\u00e4l\u00e4, Haajasenkatu 3, 53420 Lappeenranta Soile Pakkanen, Kivisaarentie 188, 47110 L\u00f6ytty [&hellip;]<\/p>\n","protected":false},"author":19,"featured_media":211,"parent":0,"menu_order":0,"comment_status":"closed","ping_status":"closed","template":"","meta":{"footnotes":""},"class_list":["post-153","page","type-page","status-publish","has-post-thumbnail","hentry"],"_links":{"self":[{"href":"https:\/\/hevosjalostusliitot.fi\/kymikarjala\/wp-json\/wp\/v2\/pages\/153","targetHints":{"allow":["GET"]}}],"collection":[{"href":"https:\/\/hevosjalostusliitot.fi\/kymikarjala\/wp-json\/wp\/v2\/pages"}],"about":[{"href":"https:\/\/hevosjalostusliitot.fi\/kymikarjala\/wp-json\/wp\/v2\/types\/page"}],"author":[{"embeddable":true,"href":"https:\/\/hevosjalostusliitot.fi\/kymikarjala\/wp-json\/wp\/v2\/users\/19"}],"replies":[{"embeddable":true,"href":"https:\/\/hevosjalostusliitot.fi\/kymikarjala\/wp-json\/wp\/v2\/comments?post=153"}],"version-history":[{"count":12,"href":"https:\/\/hevosjalostusliitot.fi\/kymikarjala\/wp-json\/wp\/v2\/pages\/153\/revisions"}],"predecessor-version":[{"id":679,"href":"https:\/\/hevosjalostusliitot.fi\/kymikarjala\/wp-json\/wp\/v2\/pages\/153\/revisions\/679"}],"wp:featuredmedia":[{"embeddable":true,"href":"https:\/\/hevosjalostusliitot.fi\/kymikarjala\/wp-json\/wp\/v2\/media\/211"}],"wp:attachment":[{"href":"https:\/\/hevosjalostusliitot.fi\/kymikarjala\/wp-json\/wp\/v2\/media?parent=153"}],"curies":[{"name":"wp","href":"https:\/\/api.w.org\/{rel}","templated":true}]}}