{"id":129,"date":"2021-02-02T10:29:34","date_gmt":"2021-02-02T08:29:34","guid":{"rendered":"https:\/\/hevosjalostusliitot.fi\/kymikarjala\/?page_id=129"},"modified":"2026-02-24T10:02:37","modified_gmt":"2026-02-24T08:02:37","slug":"orilaitumet","status":"publish","type":"page","link":"https:\/\/hevosjalostusliitot.fi\/kymikarjala\/orilaitumet\/","title":{"rendered":"ORILAITUMET"},"content":{"rendered":"\n<p>Auringon alkaessa paistaa ja p\u00e4ivien pidetess\u00e4 kohti kev\u00e4tt\u00e4, on taas aika aukaista hevosjalostusliiton orilaidunten varauskirja vuodelle 2026!<\/p>\n\n\n\n<p>ORILAIDUNPAIKAT Kymen-Karjalan Hevosjalostusliitto ry. tarjoaa kes\u00e4ll\u00e4 2026 valvottuja orivarsalaidunpaikkoja perinteikk\u00e4\u00e4ll\u00e4 Miehikk\u00e4l\u00e4n orilaitumella. Laidunaika on n. 3kk. Pulsan orilaidun Lappeenrannassa ei ole k\u00e4yt\u00f6ss\u00e4 laidunkaudella 2026.<\/p>\n\n\n\n<p>Hinnat: Orilaidunpaikan hinta kaikkien ik\u00e4luokkien varsoilta on 510e\/ koko laidunkausi n. 3kk . Varausmaksuna laskutamme t\u00e4st\u00e4 varauksen saatuamme 100e ja loppuer\u00e4 tulee maksuun toukokuussa, ennen laidunkauden alkua. Suur-Miehikk\u00e4l\u00e4n Haukniemeen otamme laiduntamaan 2-3 vuotiaita orivarsoja. My\u00f6s samanik\u00e4iset ruunavarsat ovat tervetulleita porukkaan.<\/p>\n\n\n\n<p>Tiedustelut ja ilmoittautumiset puh. 0400-958 581\/Timlin tai kymenkarjalan.hjl@gmail.com<\/p>\n\n\n\n<figure class=\"wp-block-image size-large\"><img loading=\"lazy\" decoding=\"async\" width=\"1024\" height=\"683\" src=\"https:\/\/hevosjalostusliitot.fi\/kymikarjala\/wp-content\/uploads\/sites\/12\/2021\/02\/Miehikkalan-orilaidun-2020-Jennille-25.jpg\" alt=\"\" class=\"wp-image-133\" srcset=\"https:\/\/hevosjalostusliitot.fi\/kymikarjala\/wp-content\/uploads\/sites\/12\/2021\/02\/Miehikkalan-orilaidun-2020-Jennille-25.jpg 1024w, https:\/\/hevosjalostusliitot.fi\/kymikarjala\/wp-content\/uploads\/sites\/12\/2021\/02\/Miehikkalan-orilaidun-2020-Jennille-25-300x200.jpg 300w, https:\/\/hevosjalostusliitot.fi\/kymikarjala\/wp-content\/uploads\/sites\/12\/2021\/02\/Miehikkalan-orilaidun-2020-Jennille-25-768x512.jpg 768w, https:\/\/hevosjalostusliitot.fi\/kymikarjala\/wp-content\/uploads\/sites\/12\/2021\/02\/Miehikkalan-orilaidun-2020-Jennille-25-360x240.jpg 360w\" sizes=\"auto, (max-width: 1024px) 100vw, 1024px\" \/><\/figure>\n\n\n\n<figure class=\"wp-block-image size-large\"><img loading=\"lazy\" decoding=\"async\" width=\"1024\" height=\"683\" src=\"https:\/\/hevosjalostusliitot.fi\/kymikarjala\/wp-content\/uploads\/sites\/12\/2021\/02\/Miehikkalan-orilaidun-2020-Jennille-9.jpg\" alt=\"\" class=\"wp-image-136\" srcset=\"https:\/\/hevosjalostusliitot.fi\/kymikarjala\/wp-content\/uploads\/sites\/12\/2021\/02\/Miehikkalan-orilaidun-2020-Jennille-9.jpg 1024w, https:\/\/hevosjalostusliitot.fi\/kymikarjala\/wp-content\/uploads\/sites\/12\/2021\/02\/Miehikkalan-orilaidun-2020-Jennille-9-300x200.jpg 300w, https:\/\/hevosjalostusliitot.fi\/kymikarjala\/wp-content\/uploads\/sites\/12\/2021\/02\/Miehikkalan-orilaidun-2020-Jennille-9-768x512.jpg 768w, https:\/\/hevosjalostusliitot.fi\/kymikarjala\/wp-content\/uploads\/sites\/12\/2021\/02\/Miehikkalan-orilaidun-2020-Jennille-9-360x240.jpg 360w\" sizes=\"auto, (max-width: 1024px) 100vw, 1024px\" \/><\/figure>\n\n\n\n<figure class=\"wp-block-image size-large\"><img loading=\"lazy\" decoding=\"async\" width=\"1024\" height=\"683\" src=\"https:\/\/hevosjalostusliitot.fi\/kymikarjala\/wp-content\/uploads\/sites\/12\/2021\/02\/Miehikkalan-orilaidun-2020-Jennille-20.jpg\" alt=\"\" class=\"wp-image-134\" srcset=\"https:\/\/hevosjalostusliitot.fi\/kymikarjala\/wp-content\/uploads\/sites\/12\/2021\/02\/Miehikkalan-orilaidun-2020-Jennille-20.jpg 1024w, https:\/\/hevosjalostusliitot.fi\/kymikarjala\/wp-content\/uploads\/sites\/12\/2021\/02\/Miehikkalan-orilaidun-2020-Jennille-20-300x200.jpg 300w, https:\/\/hevosjalostusliitot.fi\/kymikarjala\/wp-content\/uploads\/sites\/12\/2021\/02\/Miehikkalan-orilaidun-2020-Jennille-20-768x512.jpg 768w, https:\/\/hevosjalostusliitot.fi\/kymikarjala\/wp-content\/uploads\/sites\/12\/2021\/02\/Miehikkalan-orilaidun-2020-Jennille-20-360x240.jpg 360w\" sizes=\"auto, (max-width: 1024px) 100vw, 1024px\" \/><\/figure>\n\n\n\n<p><\/p>\n","protected":false},"excerpt":{"rendered":"<p>Auringon alkaessa paistaa ja p\u00e4ivien pidetess\u00e4 kohti kev\u00e4tt\u00e4, on taas aika aukaista hevosjalostusliiton orilaidunten varauskirja vuodelle 2026! ORILAIDUNPAIKAT Kymen-Karjalan Hevosjalostusliitto ry. tarjoaa kes\u00e4ll\u00e4 2026 valvottuja orivarsalaidunpaikkoja perinteikk\u00e4\u00e4ll\u00e4 Miehikk\u00e4l\u00e4n orilaitumella. Laidunaika on n. 3kk. Pulsan orilaidun Lappeenrannassa ei ole k\u00e4yt\u00f6ss\u00e4 laidunkaudella 2026. Hinnat: Orilaidunpaikan hinta kaikkien ik\u00e4luokkien varsoilta on 510e\/ koko [&hellip;]<\/p>\n","protected":false},"author":19,"featured_media":183,"parent":0,"menu_order":0,"comment_status":"closed","ping_status":"closed","template":"","meta":{"footnotes":""},"class_list":["post-129","page","type-page","status-publish","has-post-thumbnail","hentry"],"_links":{"self":[{"href":"https:\/\/hevosjalostusliitot.fi\/kymikarjala\/wp-json\/wp\/v2\/pages\/129","targetHints":{"allow":["GET"]}}],"collection":[{"href":"https:\/\/hevosjalostusliitot.fi\/kymikarjala\/wp-json\/wp\/v2\/pages"}],"about":[{"href":"https:\/\/hevosjalostusliitot.fi\/kymikarjala\/wp-json\/wp\/v2\/types\/page"}],"author":[{"embeddable":true,"href":"https:\/\/hevosjalostusliitot.fi\/kymikarjala\/wp-json\/wp\/v2\/users\/19"}],"replies":[{"embeddable":true,"href":"https:\/\/hevosjalostusliitot.fi\/kymikarjala\/wp-json\/wp\/v2\/comments?post=129"}],"version-history":[{"count":8,"href":"https:\/\/hevosjalostusliitot.fi\/kymikarjala\/wp-json\/wp\/v2\/pages\/129\/revisions"}],"predecessor-version":[{"id":659,"href":"https:\/\/hevosjalostusliitot.fi\/kymikarjala\/wp-json\/wp\/v2\/pages\/129\/revisions\/659"}],"wp:featuredmedia":[{"embeddable":true,"href":"https:\/\/hevosjalostusliitot.fi\/kymikarjala\/wp-json\/wp\/v2\/media\/183"}],"wp:attachment":[{"href":"https:\/\/hevosjalostusliitot.fi\/kymikarjala\/wp-json\/wp\/v2\/media?parent=129"}],"curies":[{"name":"wp","href":"https:\/\/api.w.org\/{rel}","templated":true}]}}

<p>Auringon alkaessa paistaa ja päivien pidetessä kohti kevättä, on taas aika aukaista hevosjalostusliiton orilaidunten varauskirja vuodelle 2026!</p>



<p>ORILAIDUNPAIKAT Kymen-Karjalan Hevosjalostusliitto ry. tarjoaa kesällä 2026 valvottuja orivarsalaidunpaikkoja perinteikkäällä Miehikkälän orilaitumella. Laidunaika on n. 3kk. Pulsan orilaidun Lappeenrannassa ei ole käytössä laidunkaudella 2026.</p>



<p>Hinnat: Orilaidunpaikan hinta kaikkien ikäluokkien varsoilta on 510e/ koko laidunkausi n. 3kk . Varausmaksuna laskutamme tästä varauksen saatuamme 100e ja loppuerä tulee maksuun toukokuussa, ennen laidunkauden alkua. Suur-Miehikkälän Haukniemeen otamme laiduntamaan 2-3 vuotiaita orivarsoja. Myös samanikäiset ruunavarsat ovat tervetulleita porukkaan.</p>



<p>Tiedustelut ja ilmoittautumiset puh. 0400-958 581/Timlin tai kymenkarjalan.hjl@gmail.com</p>



<figure class="wp-block-image size-large"><img loading="lazy" decoding="async" width="1024" height="683" src="https://hevosjalostusliitot.fi/kymikarjala/wp-content/uploads/sites/12/2021/02/Miehikkalan-orilaidun-2020-Jennille-25.jpg" alt="" class="wp-image-133" srcset="https://hevosjalostusliitot.fi/kymikarjala/wp-content/uploads/sites/12/2021/02/Miehikkalan-orilaidun-2020-Jennille-25.jpg 1024w, https://hevosjalostusliitot.fi/kymikarjala/wp-content/uploads/sites/12/2021/02/Miehikkalan-orilaidun-2020-Jennille-25-300x200.jpg 300w, https://hevosjalostusliitot.fi/kymikarjala/wp-content/uploads/sites/12/2021/02/Miehikkalan-orilaidun-2020-Jennille-25-768x512.jpg 768w, https://hevosjalostusliitot.fi/kymikarjala/wp-content/uploads/sites/12/2021/02/Miehikkalan-orilaidun-2020-Jennille-25-360x240.jpg 360w" sizes="auto, (max-width: 1024px) 100vw, 1024px" /></figure>



<figure class="wp-block-image size-large"><img loading="lazy" decoding="async" width="1024" height="683" src="https://hevosjalostusliitot.fi/kymikarjala/wp-content/uploads/sites/12/2021/02/Miehikkalan-orilaidun-2020-Jennille-9.jpg" alt="" class="wp-image-136" srcset="https://hevosjalostusliitot.fi/kymikarjala/wp-content/uploads/sites/12/2021/02/Miehikkalan-orilaidun-2020-Jennille-9.jpg 1024w, https://hevosjalostusliitot.fi/kymikarjala/wp-content/uploads/sites/12/2021/02/Miehikkalan-orilaidun-2020-Jennille-9-300x200.jpg 300w, https://hevosjalostusliitot.fi/kymikarjala/wp-content/uploads/sites/12/2021/02/Miehikkalan-orilaidun-2020-Jennille-9-768x512.jpg 768w, https://hevosjalostusliitot.fi/kymikarjala/wp-content/uploads/sites/12/2021/02/Miehikkalan-orilaidun-2020-Jennille-9-360x240.jpg 360w" sizes="auto, (max-width: 1024px) 100vw, 1024px" /></figure>



<figure class="wp-block-image size-large"><img loading="lazy" decoding="async" width="1024" height="683" src="https://hevosjalostusliitot.fi/kymikarjala/wp-content/uploads/sites/12/2021/02/Miehikkalan-orilaidun-2020-Jennille-20.jpg" alt="" class="wp-image-134" srcset="https://hevosjalostusliitot.fi/kymikarjala/wp-content/uploads/sites/12/2021/02/Miehikkalan-orilaidun-2020-Jennille-20.jpg 1024w, https://hevosjalostusliitot.fi/kymikarjala/wp-content/uploads/sites/12/2021/02/Miehikkalan-orilaidun-2020-Jennille-20-300x200.jpg 300w, https://hevosjalostusliitot.fi/kymikarjala/wp-content/uploads/sites/12/2021/02/Miehikkalan-orilaidun-2020-Jennille-20-768x512.jpg 768w, https://hevosjalostusliitot.fi/kymikarjala/wp-content/uploads/sites/12/2021/02/Miehikkalan-orilaidun-2020-Jennille-20-360x240.jpg 360w" sizes="auto, (max-width: 1024px) 100vw, 1024px" /></figure>



<p></p>

<p>Auringon alkaessa paistaa ja päivien pidetessä kohti kevättä, on taas aika aukaista hevosjalostusliiton orilaidunten varauskirja vuodelle 2026! ORILAIDUNPAIKAT Kymen-Karjalan Hevosjalostusliitto ry. tarjoaa kesällä 2026 valvottuja orivarsalaidunpaikkoja perinteikkäällä Miehikkälän orilaitumella. Laidunaika on n. 3kk. Pulsan orilaidun Lappeenrannassa ei ole käytössä laidunkaudella 2026. Hinnat: Orilaidunpaikan hinta kaikkien ikäluokkien varsoilta on 510e/ koko [&hellip;]</p>
