{"id":16,"date":"2020-05-16T13:29:55","date_gmt":"2020-05-16T10:29:55","guid":{"rendered":"https:\/\/hevosjalostusliitot.fi\/kainuu\/?page_id=16"},"modified":"2025-08-21T17:24:07","modified_gmt":"2025-08-21T14:24:07","slug":"etusivu","status":"publish","type":"page","link":"https:\/\/hevosjalostusliitot.fi\/kainuu\/","title":{"rendered":"Etusivu"},"content":{"rendered":"<style>#kt-layout-id16_12b8a5-bf > .kt-row-column-wrap{z-index:10;position:relative;align-content:start;}:where(#kt-layout-id16_12b8a5-bf > .kt-row-column-wrap) > .wp-block-kadence-column{justify-content:start;}#kt-layout-id16_12b8a5-bf > .kt-row-column-wrap{column-gap:var(--global-kb-gap-md, 2rem);row-gap:var(--global-kb-gap-md, 2rem);max-width:900px;margin-left:auto;margin-right:auto;padding-top:var( --global-kb-row-default-top, 25px );padding-bottom:var( --global-kb-row-default-bottom, 25px );padding-top:250px;padding-bottom:300px;grid-template-columns:minmax(0, 1fr);}#kt-layout-id16_12b8a5-bf{background-image:url('https:\/\/hevosjalostusliitot.fi\/kainuu\/wp-content\/uploads\/sites\/9\/2020\/05\/tausta_header.jpg');background-size:cover;background-position:center center;background-attachment:scroll;background-repeat:no-repeat;}#kt-layout-id16_12b8a5-bf > .kt-row-layout-overlay{opacity:0.00;background-image:linear-gradient(90deg, #00b5e2 0%, #1c809a 100%);mix-blend-mode:overlay;}#kt-layout-id16_12b8a5-bf .kt-row-layout-bottom-sep{height:100px;}#kt-layout-id16_12b8a5-bf .kt-row-layout-bottom-sep svg{width:100%;}#kt-layout-id16_12b8a5-bf .kt-row-layout-bottom-sep svg{fill:#ffffff!important;}@media all and (max-width: 1024px){#kt-layout-id16_12b8a5-bf > .kt-row-column-wrap{grid-template-columns:minmax(0, 1fr);}}@media all and (max-width: 1024px){#kt-layout-id16_12b8a5-bf .kt-row-layout-bottom-sep{height:px;}}@media all and (max-width: 1024px){#kt-layout-id16_12b8a5-bf .kt-row-layout-bottom-sep svg{width:%;}}@media all and (max-width: 767px){#kt-layout-id16_12b8a5-bf > .kt-row-column-wrap{grid-template-columns:minmax(0, 1fr);}#kt-layout-id16_12b8a5-bf .kt-row-layout-bottom-sep{height:px;}#kt-layout-id16_12b8a5-bf .kt-row-layout-bottom-sep svg{width:%;}}<\/style>\n<style>.kadence-column16_1216e2-10 > .kt-inside-inner-col{border-top-width:0px;border-right-width:0px;border-bottom-width:0px;border-left-width:0px;}.kadence-column16_1216e2-10 > .kt-inside-inner-col,.kadence-column16_1216e2-10 > .kt-inside-inner-col:before{border-top-left-radius:0px;border-top-right-radius:0px;border-bottom-right-radius:0px;border-bottom-left-radius:0px;}.kadence-column16_1216e2-10 > .kt-inside-inner-col{column-gap:var(--global-kb-gap-sm, 1rem);}.kadence-column16_1216e2-10 > .kt-inside-inner-col{flex-direction:column;}.kadence-column16_1216e2-10 > .kt-inside-inner-col > .aligncenter{width:100%;}.kadence-column16_1216e2-10 > .kt-inside-inner-col:before{opacity:0.3;}.kadence-column16_1216e2-10{position:relative;}@media all and (max-width: 1024px){.kadence-column16_1216e2-10 > .kt-inside-inner-col{flex-direction:column;justify-content:center;}}@media all and (max-width: 767px){.kadence-column16_1216e2-10 > .kt-inside-inner-col{flex-direction:column;justify-content:center;}}<\/style>\n<div class=\"wp-block-kadence-column kadence-column16_1216e2-10 inner-column-1\"><div class=\"kt-inside-inner-col\"><style>.wp-block-kadence-advancedheading.kt-adv-heading16_ad9b88-33, .wp-block-kadence-advancedheading.kt-adv-heading16_ad9b88-33[data-kb-block=\"kb-adv-heading16_ad9b88-33\"]{text-align:center;font-size:3.5em;line-height:1.3em;font-weight:800;font-style:normal;font-family:Montserrat;color:#ffffff;}.wp-block-kadence-advancedheading.kt-adv-heading16_ad9b88-33 mark.kt-highlight, .wp-block-kadence-advancedheading.kt-adv-heading16_ad9b88-33[data-kb-block=\"kb-adv-heading16_ad9b88-33\"] mark.kt-highlight{font-weight:normal;font-style:normal;color:#f76a0c;-webkit-box-decoration-break:clone;box-decoration-break:clone;padding-top:0px;padding-right:0px;padding-bottom:0px;padding-left:0px;}.wp-block-kadence-advancedheading.kt-adv-heading16_ad9b88-33 img.kb-inline-image, .wp-block-kadence-advancedheading.kt-adv-heading16_ad9b88-33[data-kb-block=\"kb-adv-heading16_ad9b88-33\"] img.kb-inline-image{width:150px;vertical-align:baseline;}<\/style>\n<h2 class=\"kt-adv-heading16_ad9b88-33 wp-block-kadence-advancedheading\" data-kb-block=\"kb-adv-heading16_ad9b88-33\">Kainuu<\/h2>\n\n\n<style>.wp-block-kadence-advancedheading.kt-adv-heading16_d99241-0f, .wp-block-kadence-advancedheading.kt-adv-heading16_d99241-0f[data-kb-block=\"kb-adv-heading16_d99241-0f\"]{text-align:center;font-size:1.6em;line-height:1em;font-weight:200;font-style:normal;font-family:Montserrat;color:#ffffff;}.wp-block-kadence-advancedheading.kt-adv-heading16_d99241-0f mark.kt-highlight, .wp-block-kadence-advancedheading.kt-adv-heading16_d99241-0f[data-kb-block=\"kb-adv-heading16_d99241-0f\"] mark.kt-highlight{font-weight:normal;font-style:normal;color:#f76a0c;-webkit-box-decoration-break:clone;box-decoration-break:clone;padding-top:0px;padding-right:0px;padding-bottom:0px;padding-left:0px;}.wp-block-kadence-advancedheading.kt-adv-heading16_d99241-0f img.kb-inline-image, .wp-block-kadence-advancedheading.kt-adv-heading16_d99241-0f[data-kb-block=\"kb-adv-heading16_d99241-0f\"] img.kb-inline-image{width:150px;vertical-align:baseline;}<\/style>\n<h4 class=\"kt-adv-heading16_d99241-0f wp-block-kadence-advancedheading\" data-kb-block=\"kb-adv-heading16_d99241-0f\">Hevosjalostusliitot<\/h4>\n\n\n<style>.wp-block-kadence-advancedbtn.kb-btns16_448a3b-22{gap:var(--global-kb-gap-xs, 0.5rem );justify-content:center;align-items:center;}.kt-btns16_448a3b-22 .kt-button{font-weight:normal;font-style:normal;}<\/style>\n<div class=\"wp-block-kadence-advancedbtn kb-buttons-wrap kb-btns16_448a3b-22\"><style>ul.menu .wp-block-kadence-advancedbtn .kb-btn16_b6ff72-d7.kb-button{width:initial;}.wp-block-kadence-advancedbtn .kb-btn16_b6ff72-d7.kb-button{color:#ffffff;background:#00b5e2;font-size:18px;font-family:Montserrat;font-weight:300;border-top-left-radius:3px;border-top-right-radius:3px;border-bottom-right-radius:3px;border-bottom-left-radius:3px;border-top:3px solid #00b5e2;border-right:3px solid #00b5e2;border-bottom:3px solid #00b5e2;border-left:3px solid #00b5e2;}.wp-block-kadence-advancedbtn .kb-btn16_b6ff72-d7.kb-button:hover, .wp-block-kadence-advancedbtn .kb-btn16_b6ff72-d7.kb-button:focus{color:#ffffff;background:#444444;border-top-color:#444444;border-top-style:solid;border-right-color:#444444;border-right-style:solid;border-bottom-color:#444444;border-bottom-style:solid;border-left-color:#444444;border-left-style:solid;}@media all and (max-width: 1024px){.wp-block-kadence-advancedbtn .kb-btn16_b6ff72-d7.kb-button{border-top:3px solid #00b5e2;border-right:3px solid #00b5e2;border-bottom:3px solid #00b5e2;border-left:3px solid #00b5e2;}}@media all and (max-width: 1024px){.wp-block-kadence-advancedbtn .kb-btn16_b6ff72-d7.kb-button:hover, .wp-block-kadence-advancedbtn .kb-btn16_b6ff72-d7.kb-button:focus{border-top-color:#444444;border-top-style:solid;border-right-color:#444444;border-right-style:solid;border-bottom-color:#444444;border-bottom-style:solid;border-left-color:#444444;border-left-style:solid;}}@media all and (max-width: 767px){.wp-block-kadence-advancedbtn .kb-btn16_b6ff72-d7.kb-button{border-top:3px solid #00b5e2;border-right:3px solid #00b5e2;border-bottom:3px solid #00b5e2;border-left:3px solid #00b5e2;}.wp-block-kadence-advancedbtn .kb-btn16_b6ff72-d7.kb-button:hover, .wp-block-kadence-advancedbtn .kb-btn16_b6ff72-d7.kb-button:focus{border-top-color:#444444;border-top-style:solid;border-right-color:#444444;border-right-style:solid;border-bottom-color:#444444;border-bottom-style:solid;border-left-color:#444444;border-left-style:solid;}}<\/style><a class=\"kb-button kt-button button kb-btn16_b6ff72-d7 kt-btn-size-standard kt-btn-width-type-auto kb-btn-global-outline  kt-btn-has-text-true kt-btn-has-svg-false  wp-block-kadence-singlebtn\" href=\"#link\"><span class=\"kt-btn-inner-text\">Ota yhteytt\u00e4<\/span><\/a><\/div>\n<\/div><\/div>\n\n\n\n\n<h2 class=\"wp-block-heading\">Tervetuloa<\/h2>\n\n\n\n<p>Kainuun Hevosjalostusliitto ry palvelee et\u00e4yhteydell\u00e4, puhelinnumerosta 044 361 7193 tai s\u00e4hk\u00f6postilla kainuunhevosjalostusliitto@gmail.com. Mik\u00e4li puheluusi ei heti ehdit\u00e4 vastaamaan, voit laittaa tekstiviestin tai ottaa yhteytt\u00e4 WhatsAppilla.<\/p>\n\n\n\n<p>Tunnistusasioissa yhteyden saa samasta numerosta. Ajankohtaisissa asioissa seuraa my\u00f6s Kainuun Hevosjalostusliiton Facebook ja Instagram -sivuja.<\/p>\n","protected":false},"excerpt":{"rendered":"<p>Kainuu Hevosjalostusliitot Tervetuloa Kainuun Hevosjalostusliitto ry palvelee et\u00e4yhteydell\u00e4, puhelinnumerosta 044 361 7193 tai s\u00e4hk\u00f6postilla kainuunhevosjalostusliitto@gmail.com. Mik\u00e4li puheluusi ei heti ehdit\u00e4 vastaamaan, voit laittaa tekstiviestin tai ottaa yhteytt\u00e4 WhatsAppilla. Tunnistusasioissa yhteyden saa samasta numerosta. Ajankohtaisissa asioissa seuraa my\u00f6s Kainuun Hevosjalostusliiton Facebook ja Instagram -sivuja.<\/p>\n","protected":false},"author":1,"featured_media":0,"parent":0,"menu_order":0,"comment_status":"closed","ping_status":"closed","template":"page-templates\/template-fullwidth.php","meta":{"_EventAllDay":false,"_EventTimezone":"","_EventStartDate":"","_EventEndDate":"","_EventStartDateUTC":"","_EventEndDateUTC":"","_EventShowMap":false,"_EventShowMapLink":false,"_EventURL":"","_EventCost":"","_EventCostDescription":"","_EventCurrencySymbol":"","_EventCurrencyPosition":"","_EventDateTimeSeparator":"","_EventTimeRangeSeparator":"","_EventOrganizerID":[],"_EventVenueID":0,"_OrganizerEmail":"","_OrganizerPhone":"","_OrganizerWebsite":"","_VenueAddress":"","_VenueCity":"","_VenueCountry":"","_VenueProvince":"","_VenueZip":"","_VenuePhone":"","_VenueURL":"","_VenueStateProvince":"","_VenueLat":"","_VenueLng":"","footnotes":""},"class_list":["post-16","page","type-page","status-publish","hentry"],"_links":{"self":[{"href":"https:\/\/hevosjalostusliitot.fi\/kainuu\/wp-json\/wp\/v2\/pages\/16","targetHints":{"allow":["GET"]}}],"collection":[{"href":"https:\/\/hevosjalostusliitot.fi\/kainuu\/wp-json\/wp\/v2\/pages"}],"about":[{"href":"https:\/\/hevosjalostusliitot.fi\/kainuu\/wp-json\/wp\/v2\/types\/page"}],"author":[{"embeddable":true,"href":"https:\/\/hevosjalostusliitot.fi\/kainuu\/wp-json\/wp\/v2\/users\/1"}],"replies":[{"embeddable":true,"href":"https:\/\/hevosjalostusliitot.fi\/kainuu\/wp-json\/wp\/v2\/comments?post=16"}],"version-history":[{"count":11,"href":"https:\/\/hevosjalostusliitot.fi\/kainuu\/wp-json\/wp\/v2\/pages\/16\/revisions"}],"predecessor-version":[{"id":265,"href":"https:\/\/hevosjalostusliitot.fi\/kainuu\/wp-json\/wp\/v2\/pages\/16\/revisions\/265"}],"wp:attachment":[{"href":"https:\/\/hevosjalostusliitot.fi\/kainuu\/wp-json\/wp\/v2\/media?parent=16"}],"curies":[{"name":"wp","href":"https:\/\/api.w.org\/{rel}","templated":true}]}}