{"id":158,"date":"2020-11-10T22:20:09","date_gmt":"2020-11-10T20:20:09","guid":{"rendered":"https:\/\/hevosjalostusliitot.fi\/hame\/?page_id=158"},"modified":"2025-04-10T15:42:13","modified_gmt":"2025-04-10T12:42:13","slug":"johtokunta-ja-jasenseurat","status":"publish","type":"page","link":"https:\/\/hevosjalostusliitot.fi\/hame\/johtokunta-ja-jasenseurat\/","title":{"rendered":"Johtokunta ja j\u00e4senseurat"},"content":{"rendered":"\n<p><strong>Johtokunta 2025<\/strong><\/p>\n\n\n\n<p>Puheenjohtaja Mikko Salminen, Somero&nbsp;&nbsp;&nbsp;&nbsp;&nbsp;&nbsp;<\/p>\n\n\n\n<p>Varapuheenjohtaja Saku Mikkola, L\u00e4ngelm\u00e4ki <\/p>\n\n\n\n<p>Helena Halinen, Janakkala<\/p>\n\n\n\n<p>Olavi Inkinen, Nokia&nbsp;&nbsp;&nbsp;&nbsp;&nbsp;&nbsp;&nbsp;&nbsp;&nbsp;&nbsp;&nbsp;&nbsp;&nbsp;&nbsp;&nbsp;&nbsp; &nbsp;&nbsp;&nbsp;&nbsp;&nbsp;&nbsp;&nbsp;&nbsp;&nbsp;&nbsp;&nbsp;&nbsp;&nbsp;&nbsp;&nbsp;&nbsp;&nbsp;&nbsp;&nbsp;&nbsp;&nbsp;&nbsp;&nbsp;&nbsp;&nbsp;&nbsp; <\/p>\n\n\n\n<p>Hanna Jartti, Virrat&nbsp;&nbsp;&nbsp;&nbsp;&nbsp;&nbsp;&nbsp;&nbsp;&nbsp;&nbsp;&nbsp;&nbsp;&nbsp;&nbsp;&nbsp;&nbsp;&nbsp;&nbsp; &nbsp;&nbsp;&nbsp;&nbsp;&nbsp;&nbsp;&nbsp;&nbsp;&nbsp;&nbsp;&nbsp;&nbsp;&nbsp;&nbsp;&nbsp;&nbsp;&nbsp;&nbsp;&nbsp;&nbsp;&nbsp;&nbsp;&nbsp;&nbsp;&nbsp;<\/p>\n\n\n\n<p>Heikki J\u00e4rvensivu, Nokia&nbsp;&nbsp;&nbsp;&nbsp;&nbsp;&nbsp;&nbsp;&nbsp;&nbsp; &nbsp;&nbsp;&nbsp;&nbsp;&nbsp;&nbsp;&nbsp;&nbsp;&nbsp;&nbsp;&nbsp;&nbsp;&nbsp;&nbsp;&nbsp;&nbsp;&nbsp;&nbsp;&nbsp;&nbsp;&nbsp;&nbsp;&nbsp;&nbsp;&nbsp;&nbsp;<\/p>\n\n\n\n<p>Katja Kannisto, Hattula&nbsp;&nbsp;&nbsp;&nbsp;&nbsp;&nbsp;&nbsp;&nbsp;&nbsp;&nbsp;&nbsp; &nbsp;&nbsp;&nbsp;&nbsp;&nbsp;&nbsp;&nbsp;&nbsp;&nbsp;&nbsp;&nbsp;&nbsp;&nbsp;&nbsp;&nbsp;&nbsp;&nbsp;&nbsp;&nbsp;&nbsp;&nbsp;&nbsp;<\/p>\n\n\n\n<p>Miia Myllym\u00e4ki, Yp\u00e4j\u00e4&nbsp;&nbsp;&nbsp;&nbsp; &nbsp;&nbsp;&nbsp;&nbsp;&nbsp;&nbsp;&nbsp;&nbsp;&nbsp;&nbsp;&nbsp;&nbsp;&nbsp;&nbsp;&nbsp;&nbsp;&nbsp;&nbsp;&nbsp;&nbsp;&nbsp;&nbsp;&nbsp;<\/p>\n\n\n\n<p>Marko Pessi, Tampere &nbsp;&nbsp;&nbsp;&nbsp;&nbsp;&nbsp;&nbsp;&nbsp;&nbsp;&nbsp;&nbsp; &nbsp;&nbsp;&nbsp;&nbsp;&nbsp;&nbsp;&nbsp;&nbsp;&nbsp;&nbsp;&nbsp;&nbsp;&nbsp;&nbsp;&nbsp;&nbsp;&nbsp;&nbsp;&nbsp;&nbsp;&nbsp;&nbsp;&nbsp;&nbsp;&nbsp;&nbsp;<\/p>\n\n\n\n<p><\/p>\n\n\n\n<p><\/p>\n\n\n\n<p><\/p>\n\n\n\n<p><strong>Kunniaj\u00e4senet:<\/strong><\/p>\n\n\n\n<p><\/p>\n\n\n\n<p>2000 Jouko Konsala, agronomi, Lemp\u00e4\u00e4l\u00e4<\/p>\n\n\n\n<p>2001 Jorma Uosukainen, maanviljelij\u00e4, Nokia<\/p>\n\n\n\n<p>2013 Niilo Rantala, Virrat<\/p>\n\n\n\n<p>2014 Helena Jansson, agronomi, Yp\u00e4j\u00e4<\/p>\n\n\n\n<p><\/p>\n\n\n\n<p>Kunniapuheenjohtaja<\/p>\n\n\n\n<p>2013 Veikko Hakala, H\u00e4meenlinna<\/p>\n\n\n\n<p><\/p>\n\n\n\n<p><\/p>\n\n\n\n<p>Hevosjalostusliitolla ei ole henkil\u00f6j\u00e4seni\u00e4, vaan j\u00e4senist\u00f6n muodostavat yhdistykset.<\/p>\n\n\n\n<p><strong>J\u00e4senseurat 2025<\/strong><\/p>\n\n\n\n<p>1<strong>. Forssan Seudun Hippos ry<\/strong><\/p>\n\n\n\n<p>2. <strong>Hauhon Hevosaktiivit ry <\/strong><\/p>\n\n\n\n<p>3.<strong> H\u00e4meen Hevosenomistajain Yhdistys ry <\/strong><\/p>\n\n\n\n<p>4. <strong>H\u00e4meen Hippos ry<\/strong><\/p>\n\n\n\n<p>5. <strong>H\u00e4meenkyr\u00f6n Hevosjalostusyhdistys ry<\/strong><\/p>\n\n\n\n<p>6. <strong>Juupajoen Hevosyst\u00e4v\u00e4t ry<\/strong><\/p>\n\n\n\n<p>7.\u00a0<strong>Keski-H\u00e4meen Raviseura ry<\/strong><\/p>\n\n\n\n<p>8.<strong> Kuoreveden Hevosjalostusseura ry<\/strong><\/p>\n\n\n\n<p>9. <strong>L\u00e4ngelm\u00e4en Hevosjalostusyhdistys ry<\/strong><\/p>\n\n\n\n<p>10. <strong>Lemp\u00e4\u00e4l\u00e4n Hevosyhdistys ry<\/strong><\/p>\n\n\n\n<p>11. <strong>Oriveden Hevosjalostus- ja Raviseura ry<\/strong><\/p>\n\n\n\n<p>12. <strong>Pohjois-H\u00e4meen Hippos ry<\/strong><\/p>\n\n\n\n<p>13. <strong>Pohjois-H\u00e4meen Ravinaiset ry<\/strong><\/p>\n\n\n\n<p>14. <strong>Riihim\u00e4en Raviseura ry<\/strong>\u00a0\u00a0\u00a0\u00a0\u00a0\u00a0\u00a0\u00a0\u00a0\u00a0\u00a0\u00a0\u00a0\u00a0\u00a0\u00a0\u00a0\u00a0<\/p>\n\n\n\n<p>15 <strong>Someron Hevosyst\u00e4v\u00e4t ry<\/strong><\/p>\n\n\n\n<p>16. <strong>S\u00e4\u00e4ksm\u00e4en-Valkeakosken Hevosjalostusyhdistys ry<\/strong><\/p>\n\n\n\n<p>17. <strong>Virtain Hevosyst\u00e4v\u00e4inseura ry<\/strong><\/p>\n\n\n\n<p>18. <strong>Yp\u00e4j\u00e4n Hevosyst\u00e4v\u00e4inseura<\/strong> <strong>ry<\/strong><\/p>\n","protected":false},"excerpt":{"rendered":"<p>Johtokunta 2025 Puheenjohtaja Mikko Salminen, Somero&nbsp;&nbsp;&nbsp;&nbsp;&nbsp;&nbsp; Varapuheenjohtaja Saku Mikkola, L\u00e4ngelm\u00e4ki Helena Halinen, Janakkala Olavi Inkinen, Nokia&nbsp;&nbsp;&nbsp;&nbsp;&nbsp;&nbsp;&nbsp;&nbsp;&nbsp;&nbsp;&nbsp;&nbsp;&nbsp;&nbsp;&nbsp;&nbsp; &nbsp;&nbsp;&nbsp;&nbsp;&nbsp;&nbsp;&nbsp;&nbsp;&nbsp;&nbsp;&nbsp;&nbsp;&nbsp;&nbsp;&nbsp;&nbsp;&nbsp;&nbsp;&nbsp;&nbsp;&nbsp;&nbsp;&nbsp;&nbsp;&nbsp;&nbsp; Hanna Jartti, Virrat&nbsp;&nbsp;&nbsp;&nbsp;&nbsp;&nbsp;&nbsp;&nbsp;&nbsp;&nbsp;&nbsp;&nbsp;&nbsp;&nbsp;&nbsp;&nbsp;&nbsp;&nbsp; &nbsp;&nbsp;&nbsp;&nbsp;&nbsp;&nbsp;&nbsp;&nbsp;&nbsp;&nbsp;&nbsp;&nbsp;&nbsp;&nbsp;&nbsp;&nbsp;&nbsp;&nbsp;&nbsp;&nbsp;&nbsp;&nbsp;&nbsp;&nbsp;&nbsp; Heikki J\u00e4rvensivu, Nokia&nbsp;&nbsp;&nbsp;&nbsp;&nbsp;&nbsp;&nbsp;&nbsp;&nbsp; &nbsp;&nbsp;&nbsp;&nbsp;&nbsp;&nbsp;&nbsp;&nbsp;&nbsp;&nbsp;&nbsp;&nbsp;&nbsp;&nbsp;&nbsp;&nbsp;&nbsp;&nbsp;&nbsp;&nbsp;&nbsp;&nbsp;&nbsp;&nbsp;&nbsp;&nbsp; Katja Kannisto, Hattula&nbsp;&nbsp;&nbsp;&nbsp;&nbsp;&nbsp;&nbsp;&nbsp;&nbsp;&nbsp;&nbsp; &nbsp;&nbsp;&nbsp;&nbsp;&nbsp;&nbsp;&nbsp;&nbsp;&nbsp;&nbsp;&nbsp;&nbsp;&nbsp;&nbsp;&nbsp;&nbsp;&nbsp;&nbsp;&nbsp;&nbsp;&nbsp;&nbsp; Miia Myllym\u00e4ki, Yp\u00e4j\u00e4&nbsp;&nbsp;&nbsp;&nbsp; &nbsp;&nbsp;&nbsp;&nbsp;&nbsp;&nbsp;&nbsp;&nbsp;&nbsp;&nbsp;&nbsp;&nbsp;&nbsp;&nbsp;&nbsp;&nbsp;&nbsp;&nbsp;&nbsp;&nbsp;&nbsp;&nbsp;&nbsp; Marko Pessi, Tampere &nbsp;&nbsp;&nbsp;&nbsp;&nbsp;&nbsp;&nbsp;&nbsp;&nbsp;&nbsp;&nbsp; &nbsp;&nbsp;&nbsp;&nbsp;&nbsp;&nbsp;&nbsp;&nbsp;&nbsp;&nbsp;&nbsp;&nbsp;&nbsp;&nbsp;&nbsp;&nbsp;&nbsp;&nbsp;&nbsp;&nbsp;&nbsp;&nbsp;&nbsp;&nbsp;&nbsp;&nbsp; Kunniaj\u00e4senet: 2000 Jouko Konsala, agronomi, Lemp\u00e4\u00e4l\u00e4 2001 Jorma Uosukainen, maanviljelij\u00e4, Nokia 2013 [&hellip;]<\/p>\n","protected":false},"author":14,"featured_media":0,"parent":0,"menu_order":0,"comment_status":"closed","ping_status":"closed","template":"","meta":{"_EventAllDay":false,"_EventTimezone":"","_EventStartDate":"","_EventEndDate":"","_EventStartDateUTC":"","_EventEndDateUTC":"","_EventShowMap":false,"_EventShowMapLink":false,"_EventURL":"","_EventCost":"","_EventCostDescription":"","_EventCurrencySymbol":"","_EventCurrencyPosition":"","_EventDateTimeSeparator":"","_EventTimeRangeSeparator":"","_EventOrganizerID":[],"_EventVenueID":0,"_OrganizerEmail":"","_OrganizerPhone":"","_OrganizerWebsite":"","_VenueAddress":"","_VenueCity":"","_VenueCountry":"","_VenueProvince":"","_VenueZip":"","_VenuePhone":"","_VenueURL":"","_VenueStateProvince":"","_VenueLat":"","_VenueLng":"","footnotes":""},"class_list":["post-158","page","type-page","status-publish","hentry"],"_links":{"self":[{"href":"https:\/\/hevosjalostusliitot.fi\/hame\/wp-json\/wp\/v2\/pages\/158","targetHints":{"allow":["GET"]}}],"collection":[{"href":"https:\/\/hevosjalostusliitot.fi\/hame\/wp-json\/wp\/v2\/pages"}],"about":[{"href":"https:\/\/hevosjalostusliitot.fi\/hame\/wp-json\/wp\/v2\/types\/page"}],"author":[{"embeddable":true,"href":"https:\/\/hevosjalostusliitot.fi\/hame\/wp-json\/wp\/v2\/users\/14"}],"replies":[{"embeddable":true,"href":"https:\/\/hevosjalostusliitot.fi\/hame\/wp-json\/wp\/v2\/comments?post=158"}],"version-history":[{"count":18,"href":"https:\/\/hevosjalostusliitot.fi\/hame\/wp-json\/wp\/v2\/pages\/158\/revisions"}],"predecessor-version":[{"id":725,"href":"https:\/\/hevosjalostusliitot.fi\/hame\/wp-json\/wp\/v2\/pages\/158\/revisions\/725"}],"wp:attachment":[{"href":"https:\/\/hevosjalostusliitot.fi\/hame\/wp-json\/wp\/v2\/media?parent=158"}],"curies":[{"name":"wp","href":"https:\/\/api.w.org\/{rel}","templated":true}]}}